g**2 + 6*g - 21. Give d(3).
-3
Let w(g) = -g**2 + g + 5. Calculate w(-3).
-7
Let f(s) = s**2 + 4*s + 6. Determine f(-5).
11
Let u(c) = -3*c**2 - 4*c + 3. What is u(-3)?
-12
Let j(c) = 4*c + 11. What is j(5)?
31
Let m(g) = -g**3 + g**2 - g + 14. What is m(0)?
14
Let u(s) = -s**3 + 2*s**2 + 2*s - 5. Calculate u(-3).
34
Let s(w) = -3*w - 39. Determine s(-7).
-18
Let o(g) = 2*g**2 - 24*g + 16. What is o(11)?
-6
Let u(v) = -2*v + 3. Calculate u(6).
-9
Let h(u) = -u - 9. What is h(-12)?
3
Let k(x) = -34*x - 283. Give k(-8).
-11
Let q(h) = 49*h - 11. Calculate q(0).
-11
Let t(p) = 7*p - 10. What is t(3)?
11
Let l(t) = t**3 + 7*t**2 + 3*t + 24. Give l(-7).
3
Let t(b) = b**3 - 6*b**2 + 7*b - 25. Determine t(5).
-15
Let d(f) = 17*f**3 + f**2. Give d(-1).
-16
Let h(g) = -3*g + 25. Determine h(6).
7
Let p(x) = -12*x + 7. Determine p(6).
-65
Let a(k) = k**2 + 13*k - 13. Calculate a(-16).
35
Let l(v) = v**2 - 20*v + 32. What is l(18)?
-4
Let g(d) = -d**2 - 14*d - 29. Determine g(-12).
-5
Let j(d) = -2*d**3 - 15*d**2 - 3*d + 32. What is j(-7)?
4
Let q(a) = a**2 + 6*a + 6. Determine q(-4).
-2
Let u(k) = -8*k - 53. Calculate u(10).
-133
Let o(y) = -4*y + 126. Calculate o(31).
2
Let d(c) = -c - 3. Give d(-13).
10
Let t(m) = -m**2 + 12*m - 6. Determine t(10).
14
Let j(o) = o**3 - 8*o**2 - 9*o - 5. Calculate j(9).
-5
Let w(j) = -j**2 + 15*j + 32. Give w(14).
46
Let c(g) = -g + 12. Calculate c(7).
5
Let p(q) = -7*q + 23. Determine p(9).
-40
Let n(f) = -f**3 - 33*f**2 + 72*f + 70. Determine n(-35).
0
Let r(x) = x**2 + 21*x + 5. Calculate r(-21).
5
Let g(h) = h**3 - h**2 - 4*h - 7. Calculate g(-2).
-11
Let n(l) = -4*l - 57. Determine n(-28).
55
Let t(f) = f**3 + f + 5. Determine t(0).
5
Let t(m) = -2*m. Determine t(-3).
6
Let w(d) = 2*d**2 - 3*d + 1. What is w(0)?
1
Let f(h) = -18*h + 4. What is f(-2)?
40
Let a(h) = 2*h**3 - 6*h**2 + 3*h + 2. What is a(3)?
11
Let p(v) = -5*v**3 + v**2 - 3*v. Calculate p(2).
-42
Let n(s) = s**3 + s**2 - s - 4. What is n(0)?
-4
Let n(w) = -10*w + 15. Calculate n(0).
15
Let u(j) = -12*j**2 - 2*j. Calculate u(-1).
-10
Let f(g) = -2*g**2 + 21*g - 11. Give f(10).
-1
Let b(g) = -11*g + 65. What is b(5)?
10
Let o(r) = -2*r - 23. Calculate o(-5).
-13
Let d(v) = -v**2 + 1. What is d(0)?
1
Let b(j) = j**3 - j - 2. Calculate b(-2).
-8
Let p(i) = i**3 - 12*i**2 - 13*i + 4. Calculate p(13).
4
Let t(w) = 5*w - 91. What is t(20)?
9
Let w(m) = 11*m - 75. Give w(6).
-9
Let w(o) = -o**2 - 11*o - 15. Determine w(-15).
-75
Let p(x) = x**2 - 28*x + 86. Determine p(24).
-10
Let u(n) = -4*n**2 + 1. What is u(-1)?
-3
Let m(q) = 5*q**2 - 13*q - 3. Give m(2).
-9
Let d(p) = -p**2 - 4*p + 20. What is d(-7)?
-1
Let q(n) = -5*n + 51. What is q(8)?
11
Let x(f) = f**2 - 9. Determine x(-7).
40
Let d(a) = 13*a + 109. Give d(-8).
5
Let q(c) = -c**3 - 28*c**2 - 25*c + 55. Give q(-27).
1
Let n(w) = w**3 - 2*w**2 - 6*w + 8. What is n(2)?
-4
Let z(h) = -2*h - 6. Calculate z(-7).
8
Let h(i) = -i**2 - 2*i + 10. Determine h(0).
10
Let g(f) = -f - 45. Give g(-13).
-32
Let n(j) = -j**2 - 11*j - 17. What is n(-8)?
7
Let k(m) = -2*m**2 - 29*m - 15. Determine k(-15).
-30
Let n(x) = 4*x**2 + x - 8. What is n(-3)?
25
Let t(w) = -3*w**2 - 4*w - 2. Calculate t(-2).
-6
Let p(o) = -2*o**2 + 6*o + 4. Determine p(3).
4
Let d(k) = -k**3 - 15*k**2 - 16*k - 16. What is d(-14)?
12
Let y(l) = -8*l - 10. Calculate y(-2).
6
Let q(o) = -22*o - 79. What is q(-5)?
31
Let w(i) = -i**3 - 9*i**2 + 7*i + 4. What is w(-10)?
34
Let k(z) = -z**3 - 32*z**2 - 2*z - 56. Determine k(-32).
8
Let a(o) = -o**2 + 11*o + 92. Give a(-6).
-10
Let d(p) = p + 30. What is d(-23)?
7
Let t(q) = 2*q**2 + 116*q + 252. Determine t(-56).
28
Let t(u) = -3*u**2 + 29*u + 28. What is t(9)?
46
Let r(s) = s**3 - 21*s**2 + 13*s + 55. What is r(20)?
-85
Let p(j) = -5*j**2 - 66*j + 6. Determine p(-12).
78
Let j(f) = f + 56. Calculate j(-49).
7
Let b(y) = y**3 - 6*y**2 - 4*y + 4. What is b(7)?
25
Let d(y) = 25*y + 516. What is d(-21)?
-9
Let s(t) = 3*t**3 - 3*t**2 - 3*t - 1. Calculate s(-1).
-4
Let f(n) = 2*n**2 + 131*n - 44. Determine f(-66).
22
Let u(s) = s - 9. What is u(11)?
2
Let d(n) = -62*n + 324. What is d(5)?
14
Let l(z) = z**2 + 10*z - 16. Give l(-12).
8
Let m(u) = -3*u**2 + 6*u - 3. Calculate m(4).
-27
Let j(v) = -2*v**2 - 17*v + 23. What is j(-12)?
-61
Let u(r) = -r**3 - 7*r**2 - 11*r - 3. Give u(-6).
27
Let t(z) = -z + 10. What is t(10)?
0
Let b(d) = -4*d + 3. Calculate b(-1).
7
Let c(k) = 4*k - 3. Calculate c(4).
13
Let j(n) = -6*n**3 - n**2 + 2*n + 3. Determine j(-1).
6
Let l(q) = -q**2 - 9*q - 14. What is l(-12)?
-50
Let d(o) = 8*o - 24. Give d(3).
0
Let j(y) = 2*y**3 + y + 1. Give j(-2).
-17
Let c(l) = 2*l + 5. Give c(-1).
3
Let f(t) = -3*t**2 + 8*t - 11. Calculate f(2).
-7
Let q(t) = -t**3 - 4*t**2 + 12*t + 13. Give q(-5).
-22
Let d(y) = -y**3 - 3*y**2 + 40*y - 11. Give d(5).
-11
Let v(y) = 2*y + 14. Calculate v(-9).
-4
Let q(t) = -3*t**2 - 72*t - 48. Determine q(-21).
141
Let y(n) = 9*n - 18. What is y(2)?
0
Let s(c) = -c**2 + 5*c + 11. What is s(7)?
-3
Let v(s) = s**3 - 10*s**2 + 9*s - 6. What is v(9)?
-6
Let y(u) = -2*u**2 - 4*u + 4. Determine y(-2).
4
Let v(a) = -a**2 + 3*a - 4. Give v(4).
-8
Let j(v) = -18*v - 3. What is j(1)?
-21
Let d(r) = -2*r**2 - 99*r - 195. What is d(-2)?
-5
Let v(l) = 2*l**3 - 37*l**2 + 16*l + 3. Give v(18).
-33
Let p(b) = -11*b**2 + 2*b. Determine p(-2).
-48
Let r(k) = -k**3 + 15*k**2 + 15*k + 8. Calculate r(16).
-8
Let v(w) = 2*w**3 - 6*w**2 - 8*w - 3. Determine v(-1).
-3
Let l(y) = y**2 - 24*y + 16. Calculate l(24).
16
Let p(r) = -7*r**2 + 2*r - 2. Calculate p(-2).
-34
Let n(l) = -l**3 + 16*l**2 + 36*l - 9. Determine n(18).
-9
Let t(v) = v**2 - 14*v. Determine t(14).
0
Let x(z) = z**3 - 9*z**2 + 30*z - 53. Determine x(5).
-3
Let v(f) = f**3 + 14*f**2 - 14*f + 11. Give v(-15).
-4
Let t(i) = i**3 - 48. Give t(0).
-48
Let o(t) = t - 2. Give o(7).
5
Let b(d) = -d**2 - 8*d - 2. Determine b(-6).
10
Let q(s) = -s**2 + 27*s - 179. Determine q(12).
1
Let c(o) = o**3 + 9*o**2 + 8*o - 49. Determine c(-7).
-7
Let b(g) = -2*g - 76. Determine b(0).
-76
Let n(f) = -7*f + 21. What is n(2)?
7
Let o(g) = -65*g**2 - g - 1. What is o(-1)?
-65
Let b(y) = y**3 - 2*y**2 + 4*y + 10. Determine b(0).
10
Let v(u) = -5*u + 14. What is v(4)?
-6
Let i(n) = 98*n - 766. Determine i(8).
18
Let z(x) = -x**3 + 22*x**2 - 66*x - 8. Give z(4).
16
Let w(x) = x**3 + 5*x**2 + 1. Determine w(-6).
-35
Let l(s) = 6*s + 30. What is l(-9)?
-24
Let x(d) = -5*d**2 + 4*d - 2. What is x(2)?
-14
Let j(q) = 7*q**2 - 19*q + 12. Determine j(3).
18
Let h(k) = -34*k. Determine h(1).
-34
Let h(g) = 2*g**3 - 15*g**2 + 5*g + 12. Determine h(7).
-2
Let v(w) = w**2 + 5*w + 4. What is v(-5)?
4
Let d(g) = g**3 + 9*g**2 + 18*g + 29. Give d(-7).
1
Let j(d) = -2*d**3 + 23*d**2 - 10*d - 4. Calculate j(11).
7
Let u(h) = h**3 - 4*h**2 + 120. Determine u(0).
120
Let b(h) = h**2 - 15*h + 7. Determine b(15).
7
Let z(i) = -17*i**3 - 2*i**2 + 9*i + 10. Determine z(-1).
16
Let k(y) = -2*y**2 + 12*y - 13. Calculate k(3).
5
Let j(d) = d**2 + 7*d - 8. Determine j(-10).
22
Let w(q) = -3*q + 11. Determine w(7).
-10
Let s(c) = 4*c - 12. Determine s(15).
48
Let z(h) = -h**2 + 14*h - 33. Give z(4).
7
Let a(s) = -4*s - 127. Determine a(-30).
-7
Let q(b) = -b**3 + 22*b**2 + 2*b - 59. Give q(22).
-15
Let n(l) = -l**2 - l - 5. Give n(-4).
-17
Let h(v) = -v**3 + 6*v**2 - 5*v + 22. Calculate h(6).
-8
Let h(s) = 6*s - 144. Calculate h(15).
-54
Let f(s) = 2*s**3 + 6*s**2 - 10*s + 1. Calculate f(3).
79
Let s(a) = -3*a - 16. What is s(-7)?
5
Let b(i) = -13*i**3 - 3*i**2 - i + 1. What is b(1)?
-16
Let i(u) = -3*u + 25. Give i(6).
7
Let x(r) = 2*r**3 - 8*r + 11. What is x(2)?
11
Let p(r) = -27*r**2 + r - 1. Give p(1).
-27
Let o(q) = -4*q**2 - 9*q + 9. What is o(-7)?
-124
Let n(x) = -x**3 + x + 1. Calculate n(0).
1
Let v(z) = -z**3 - 5*z**2 + 2*z - 20. Determine v(-6).
4
Let h(r) = 2*r**3 + 2*r**2 - 2*r - 4. What is h(-2)?
-8
Let i(v) = v**3 - 7*v**2 - 2. What is i(7)?
-2
Let f(y) = -4*y - 19. Calculate f(-5).
1
Let j(y) = -10*y**2 + 3*y. Calculate j(1).
-7
Let p(l) = 13*l**2 - 3*l - 8. Determine p(-3).
118
Let w(d) = -d**3 + 1. Give w(-2).
9
Let n(i) = i**3 - 38*i**2 - i + 54. What is n(38)?
16
Let d(f) = -f + 21. Give d(-15).
36
Let t(v) = v**3 + 7*v**2 + 8*v + 5. Determi